e hundreds digit of (1/(-4)*-2)/((-16)/(-10656))?
3
Let t be 38/(-3)*9/(-6). Let i = 31 - t. What is the tens digit of i?
1
Let u(d) = -d**2 + 7*d - 6. Let w be u(5). Let j = w - 2. Suppose f - 1 = 0, -o - j*f = -0*o - 14. What is the tens digit of o?
1
Let x = 15 - 10. Let l(b) = b + 5. Let d be l(0). Suppose -f + 3 = x*w - 4, -d*f - 4*w = -98. What is the units digit of f?
2
Let a = 14 + -7. What is the units digit of a?
7
Let i = 0 - -10. Let n = -12 - -17. What is the tens digit of (-3 + n)/(2/i)?
1
Let o = 20 - 35. Let c = 21 - o. What is the units digit of c?
6
Let j be 3/(-12) - (-50)/8. Let y be (-3)/j*(-5 + 1). Suppose -k + y = -3. What is the units digit of k?
5
Suppose 4*g - c = -51 + 239, g - 5*c - 66 = 0. What is the tens digit of g?
4
Let l(k) = -5 + 3*k + 2*k - k. Let w be l(8). Suppose -v = 2*v - w. What is the units digit of v?
9
What is the units digit of 8/6*-3 + 41?
7
What is the tens digit of 382/10 - (-3)/(-15)?
3
Suppose -4*q = -6 - 6. Let b = q + 1. Suppose -2*u - 2 = -b. What is the units digit of u?
1
Suppose 4*d - d - 63 = 0. What is the units digit of d?
1
What is the tens digit of 916/(-6)*-1 - 2/3?
5
Let z(j) = j + 5. Let b be z(-5). Suppose -h = -5*c - 6, -h + c + 10 + 0 = b. What is the units digit of h?
1
Let n(u) = u**2 - 18*u + 9. What is the units digit of n(18)?
9
Let a(i) be the third derivative of i**6/120 - i**5/60 + i**4/12 - i**3/3 + 3*i**2. What is the units digit of a(2)?
6
Suppose 30 = 3*f - f - 3*h, -47 = -3*f + 5*h. What is the units digit of f?
9
Let f be (-136)/(-16) - 2/4. Suppose l = -2*v + 39, -v = 2*l - 11 - 52. Suppose f - l = -3*b. What is the units digit of b?
7
Let n(q) = -q**3 - 5*q**2 + 10*q + 15. What is the tens digit of n(-8)?
2
Suppose -z + 10 = z. Let o(g) = -g**2 + 6*g + 4. What is the units digit of o(z)?
9
Let q = -447 + 637. What is the tens digit of q?
9
Let d(o) = -o**2 + o - 6. Let k be d(-5). Let r = -10 - k. What is the units digit of r?
6
Suppose 0*i + 2*i - 16 = 0. Suppose i = 4*h, h + 10 = m - 3*h. What is the tens digit of m?
1
Let d be 3 - ((-3)/(-3) - 0). Suppose 0 = o + 2*g + 49, -g - 1 = d. Let t = o + 60. What is the units digit of t?
7
Let k(i) = -i + 2. What is the units digit of k(1)?
1
Suppose t = 6*t + x - 96, 0 = -4*t + 4*x + 72. Suppose 5*a - 89 + t = 0. Suppose -3*j + 46 = 2*o, j - o + a = 2*j. What is the tens digit of j?
1
Let k = 14 - -3. Suppose j = -4 + k. What is the tens digit of j?
1
Let x be (3/(-2))/((-4)/(-8)). Suppose 3*g = -3*k + 9, -2*g + 3*k = -5 - 6. What is the units digit of (g + x)*(6 - 2)?
4
Let z(r) = r**2 - 8*r + 6. Suppose a = 4 + 1. Let l be z(a). What is the tens digit of (-3 + l - 3)/(-1)?
1
Suppose -4*v - 125 = -9*v. What is the units digit of v?
5
Suppose -v + 5*z + 40 = 0, 5*z - 80 = -6*v + 4*v. Suppose 0 = -4*b - 3*a + 8, -4*b + 3*a + 2*a + v = 0. What is the units digit of b?
5
Let p = 23 + -14. What is the units digit of 115/p - (-16)/72?
3
Suppose 0 = -5*l - 2*j + 6*j + 12, 5*l + 4*j = -12. Let i = 1 - l. Suppose -y = -i - 6. What is the units digit of y?
7
Let r be (1 - 3)*(-225)/(-18). Let q = r - -59. What is the units digit of q?
4
Let x = 23 + -4. What is the tens digit of x?
1
Suppose -2*u = -7*u + 50. What is the tens digit of u?
1
Let y(t) = -2*t**3 + 2*t + 1. Let h be y(2). Let b = h - -14. What is the units digit of b?
3
Let w(l) = -l**3 - 10*l**2 + l + 9. Let v be w(-10). Let z be 1 + (-1)/v - 2. Let i = z + 11. What is the tens digit of i?
1
Suppose 4*o - 5*y = 25, 2*o - 3*y + 6*y + 15 = 0. What is the units digit of 5*(0 + 1 + o)?
5
Suppose b + 4 = -5. Let d(k) = -2*k - 12. What is the units digit of d(b)?
6
Suppose 4*p - 2 = 3*p. Suppose -2*s + 5*y + 12 = 0, p*s + 5*y + 0*y = -8. What is the units digit of s?
1
Suppose -5*l + 642 = 4*w, 5*l - 7*w = -2*w + 660. What is the hundreds digit of l?
1
Let c(f) = -8 - 8*f + 3 - 11 + 4*f. What is the units digit of c(-12)?
2
Let x(n) = 2*n**3 + 4*n**2 + 3*n + 1. Let r be x(-2). What is the tens digit of 3/r - 378/(-30)?
1
Let k(l) = l**2 + 15*l - 26. What is the units digit of k(-20)?
4
Suppose -3*k + 15 = -21. What is the units digit of k?
2
Suppose 7 + 5 = 3*w + 5*k, 4*w = 3*k + 16. Suppose -w*v + 0*v + 2*d - 42 = 0, -3*v - 30 = -2*d. What is the tens digit of (8/6)/((-1)/v)?
1
Suppose 0 = -3*k - 5*b - 268 + 933, 4*b - 16 = 0. What is the units digit of k?
5
What is the units digit of (211 - (2 - 5))/(-2 + 4)?
7
Suppose 4*w = -12, -6*m + m - 3*w = -146. Let r be (m - 1)*12/8. Suppose 4*b - 55 = 6*y - 3*y, r = 4*b - y. What is the tens digit of b?
1
Let q(k) = -60*k**3 - 4*k**2 - 3*k - 1. What is the units digit of q(-1)?
8
Let s = 36 - 3. What is the tens digit of s?
3
Let f = 4 - 8. Let w = 5 - f. What is the units digit of w?
9
Suppose w + 7 = z - w, -5*z + 22 = 3*w. Suppose -z*d = -44 - 11. What is the tens digit of d?
1
Let n = 2 + 0. Suppose n*t = -0*t - 12. Let z(b) = -b**3 - 6*b**2 + 4. What is the units digit of z(t)?
4
Let x = 20 - 18. Suppose 4*a - 7 = 13. Suppose 0 = 4*t - g + 4*g - 41, a*t + x*g = 46. What is the units digit of t?
8
Suppose 5*y - 2*y = 3, -270 = -5*c + 5*y. What is the tens digit of c?
5
Let c(r) = 3 + 0*r - r + 2*r. Let p be c(5). What is the units digit of (-6)/p*4/(-1)?
3
Let f(r) = 2*r**2 + 6*r + 1. What is the units digit of f(-4)?
9
What is the units digit of (-1)/2*-274 - 2?
5
Let s(k) = -3 - k - 3 + 3. Suppose 4*b + 9 + 19 = 0. What is the units digit of s(b)?
4
Let x = -43 - -78. What is the units digit of x?
5
Suppose 0 = -u + 4*k + 13, 0 = -0*u + 4*u - 3*k - 13. What is the units digit of u?
1
Suppose -b + 12 = -2*b. What is the units digit of (3/b)/((-1)/148)?
7
Let i(l) = l**3 - l + 2. Let s be i(0). Suppose -s*o = -0*o - 56. What is the units digit of o?
8
Let b = -12 + 8. Let h be b/18 + 34/(-9). Let s = 1 - h. What is the units digit of s?
5
Suppose 62 + 38 = 5*n. What is the tens digit of n?
2
Let v = 3 - 1. Suppose -3*m = -v*m + 7. Let d = -6 - m. What is the units digit of d?
1
Suppose -5*x + 5 = -0. Let k(g) = g**3 - 8*g**2 + 2. Let q be k(8). Suppose -q*a = x - 15. What is the units digit of a?
7
Let w = -70 + 72. What is the units digit of w?
2
Let u(i) = -i**3 - i**2 + 10. Let h be u(0). Suppose z + z = h. What is the units digit of z?
5
Let w(h) be the first derivative of -h**4/4 + 2*h**3 - 3*h**2 + 6*h - 2. Let y be w(5). Suppose g = -u - 3, 4*u + 7 + y = -3*g. What is the units digit of u?
1
Suppose -2*t + 0*u + 85 = -3*u, 4*t - 137 = -5*u. What is the tens digit of t?
3
Let d = 16 - 7. Suppose 55 = -3*x + 5*a, -3*x - d = -4*a + 41. Let n = x - -13. What is the units digit of n?
3
Let w(z) = z**2 - 2*z + 2. Let b be w(-3). Suppose -b = -5*j + 8. Suppose -6*q + q - j = 0, q + 17 = 2*p. What is the units digit of p?
8
Suppose 0 = -3*y - 0*y + 12, -n - 4*y + 46 = 0. What is the tens digit of n?
3
Let m be 38 + 0 + -2 + 1. Let i = m + -14. What is the tens digit of i?
2
Let l be -2 + 8 + 3/1. Let n = l + 13. What is the tens digit of n?
2
Suppose 0 = -6*f + f. Let y be -2 - (8 + (2 - f)). What is the units digit of (-1)/3 + (-52)/y?
4
Let z(c) = -1 + c - 2 + 1. Let k be z(2). Suppose 2*y + 4*u - 24 = k, -u + 0 = 3*y - 11. What is the units digit of y?
2
Suppose 0 = 2*n - n + 9. Suppose -3 = 5*k + 22. Let q = k - n. What is the units digit of q?
4
Suppose 3*b = 2*b. Suppose -3*w = -b*w - 198. Suppose 4*u = u + w. What is the tens digit of u?
2
Suppose n + 9 = 2*n - 4*v, 4*v = -12. Let x = n + 6. Suppose -3*r + s = 3*s - 36, -r = -x*s - 1. What is the units digit of r?
0
Let a be -24*(-1 - 7/3). Suppose n - a = -4*n. What is the tens digit of n?
1
What is the tens digit of (-106)/(-8)*(-12 + 16)?
5
What is the units digit of 166/6*3 - -2?
5
Let s(h) = -h**3 + 4*h**2 + 10. Let k(v) = -2*v**3 + 7*v**2 + 20. Let d(r) = 4*k(r) - 9*s(r). Let x be d(8). What is the units digit of (-9)/(-2) - (-5)/x?
4
Let g = 24 + -16. What is the units digit of g?
8
Suppose 3*g - 11 = 5*x, -4*g = x + 4*x - 3. Suppose -3*b = g*b. Suppose b = -0*a - a + 11. What is the units digit of a?
1
Let o = 1 + -7. Let c(t) = -t**3 - 6*t**2 - 4*t - 1. What is the tens digit of c(o)?
2
Let i(s) = 3*s - 5 - s + 0*s - 4*s. What is the units digit of i(-6)?
7
Suppose -3*j + 1 = -5. Suppose -2*f + f = 5*a + 6, -j*f + 6 = a. What is the units digit of f